{"id":29,"date":"2026-07-08T14:46:40","date_gmt":"2026-07-08T14:46:40","guid":{"rendered":"https:\/\/newsite.andreapilotti.ch\/?page_id=29"},"modified":"2026-07-09T14:01:21","modified_gmt":"2026-07-09T14:01:21","slug":"accueil","status":"publish","type":"page","link":"https:\/\/newsite.andreapilotti.ch\/en\/","title":{"rendered":"Accueil"},"content":{"rendered":"<div  class='flex_column av-a3al-38e5042ab4f49c605434909f9cfee6c7 av_one_fifth  avia-builder-el-0  el_before_av_four_fifth  avia-builder-el-first  first flex_column_div'     ><style type=\"text\/css\" data-created_by=\"avia_inline_auto\" id=\"style-css-av-mrdbkmh1-1a35fba8701d0bc32efc76bcb431a917\">\n.avia-image-container.av-mrdbkmh1-1a35fba8701d0bc32efc76bcb431a917 img.avia_image{\nbox-shadow:none;\n}\n.avia-image-container.av-mrdbkmh1-1a35fba8701d0bc32efc76bcb431a917 .av-image-caption-overlay-center{\ncolor:#ffffff;\n}\n<\/style>\n<div  class='avia-image-container av-mrdbkmh1-1a35fba8701d0bc32efc76bcb431a917 av-styling-circle avia-align-center  avia-builder-el-1  avia-builder-el-no-sibling'   itemprop=\"image\" itemscope=\"itemscope\" itemtype=\"https:\/\/schema.org\/ImageObject\" ><div class=\"avia-image-container-inner\"><div class=\"avia-image-overlay-wrap\"><img decoding=\"async\" fetchpriority=\"high\" class='wp-image-33 avia-img-lazy-loading-not-33 avia_image' src=\"https:\/\/newsite.andreapilotti.ch\/wp-content\/uploads\/2026\/07\/andrea_pilotti-8379-scaled-e1782577076226-230x300-1.jpg\" alt='' title='Andrea Pilotti'  height=\"300\" width=\"230\"  itemprop=\"thumbnailUrl\"  \/><\/div><\/div><\/div><\/div>\n<div  class='flex_column av-21hgx-2ef91bc6ff0335bd5a172861cf5e7a0c av_four_fifth  avia-builder-el-2  el_after_av_one_fifth  avia-builder-el-last  flex_column_div'     ><p>\n<style type=\"text\/css\" data-created_by=\"avia_inline_auto\" id=\"style-css-av-1f6jd-173bab65981c7e2c461d9bd67d00ecb8\">\n#top .av-special-heading.av-1f6jd-173bab65981c7e2c461d9bd67d00ecb8{\npadding-bottom:10px;\n}\nbody .av-special-heading.av-1f6jd-173bab65981c7e2c461d9bd67d00ecb8 .av-special-heading-tag .heading-char{\nfont-size:25px;\n}\n.av-special-heading.av-1f6jd-173bab65981c7e2c461d9bd67d00ecb8 .av-subheading{\nfont-size:15px;\n}\n<\/style>\n<div  class='av-special-heading av-1f6jd-173bab65981c7e2c461d9bd67d00ecb8 av-special-heading-h3  avia-builder-el-3  el_before_av_textblock  avia-builder-el-first'><h3 class='av-special-heading-tag'  itemprop=\"headline\"  >Welcome to my personal website !<\/h3><div class=\"special-heading-border\"><div class=\"special-heading-inner-border\"><\/div><\/div><\/div><br \/>\n<section  class='av_textblock_section av-2hu5-bc36229933122d295a7d2d1a072c0c26'   itemscope=\"itemscope\" itemtype=\"https:\/\/schema.org\/CreativeWork\" ><div class='avia_textblock'  itemprop=\"text\" ><p>I am currently Senior Lecturer at the Institute of Political Studies (IEP) of the University of Lausanne. I work at the Research Observatory for Regional Politics (OVPR) and I am also member of the Swiss Elite Observatory (OBELIS).\n\nMy research focuses in general on Swiss politics and in particular on the Federal Parliament (reforms and parliamentary recruitment) and political elites. I am also interested in local and regional politics, especially regarding the Canton of Ticino.\n\nOn this website you will find information about my educational and professional background, my research, my participation in conferences, seminars and courses, my publications, as well as my media talks.<a href=\"https:\/\/www.unil.ch\/iep\/home.html\" target=\"_blank\" rel=\"noopener noreferrer\">Institut d\u2019\u00e9tudes politiques<\/a>\u00a0(IEP) de l\u2019Universit\u00e9 de Lausanne. Je travaille au sein de l\u2019<a href=\"http:\/\/www.unil.ch\/ovpr\/home.html\" target=\"_blank\" rel=\"noopener noreferrer\">Observatoire de la vie politique r\u00e9gionale<\/a>\u00a0(OVPR) et je suis \u00e9galement membre de l\u2019<a href=\"http:\/\/www.unil.ch\/obelis\/home.html\" target=\"_blank\" rel=\"noopener noreferrer\">Observatoire des \u00e9lites suisses<\/a>\u00a0(OBELIS).<\/p>\n<p>Mes recherches portent de mani\u00e8re g\u00e9n\u00e9rale sur la politique suisse et notamment sur le Parlement f\u00e9d\u00e9ral (r\u00e9formes et recrutement parlementaire) et les \u00e9lites politiques. Je m\u2019int\u00e9resse aussi \u00e0 la politique locale et cantonale, avec une attention particuli\u00e8re pour le canton du Tessin.<\/p>\n<p>Dans le site vous trouverez les informations concernant mon\u00a0<a href=\"https:\/\/www.andreapilotti.ch\/curriculum\/\" target=\"_blank\" rel=\"noopener noreferrer\">parcours de formation et professionnel<\/a>, mes\u00a0<a href=\"https:\/\/www.andreapilotti.ch\/recherches\/\" target=\"_blank\" rel=\"noopener noreferrer\">recherches<\/a>, mes\u00a0<a href=\"https:\/\/www.andreapilotti.ch\/conferences\/\" target=\"_blank\" rel=\"noopener noreferrer\">participations \u00e0 des conf\u00e9rences, s\u00e9minaires et cours<\/a>, mes\u00a0<a href=\"https:\/\/www.andreapilotti.ch\/publications\/\" target=\"_blank\" rel=\"noopener noreferrer\">publications<\/a>, ainsi que mes\u00a0<a href=\"https:\/\/www.andreapilotti.ch\/medias\/\" target=\"_blank\" rel=\"noopener noreferrer\">interventions dans les m\u00e9dias<\/a>.<\/p>\n<\/div><\/section><\/p><\/div>","protected":false},"excerpt":{"rendered":"","protected":false},"author":1,"featured_media":0,"parent":0,"menu_order":0,"comment_status":"closed","ping_status":"closed","template":"","meta":{"footnotes":""},"class_list":["post-29","page","type-page","status-publish","hentry"],"_links":{"self":[{"href":"https:\/\/newsite.andreapilotti.ch\/en\/wp-json\/wp\/v2\/pages\/29","targetHints":{"allow":["GET"]}}],"collection":[{"href":"https:\/\/newsite.andreapilotti.ch\/en\/wp-json\/wp\/v2\/pages"}],"about":[{"href":"https:\/\/newsite.andreapilotti.ch\/en\/wp-json\/wp\/v2\/types\/page"}],"author":[{"embeddable":true,"href":"https:\/\/newsite.andreapilotti.ch\/en\/wp-json\/wp\/v2\/users\/1"}],"replies":[{"embeddable":true,"href":"https:\/\/newsite.andreapilotti.ch\/en\/wp-json\/wp\/v2\/comments?post=29"}],"version-history":[{"count":9,"href":"https:\/\/newsite.andreapilotti.ch\/en\/wp-json\/wp\/v2\/pages\/29\/revisions"}],"predecessor-version":[{"id":682,"href":"https:\/\/newsite.andreapilotti.ch\/en\/wp-json\/wp\/v2\/pages\/29\/revisions\/682"}],"wp:attachment":[{"href":"https:\/\/newsite.andreapilotti.ch\/en\/wp-json\/wp\/v2\/media?parent=29"}],"curies":[{"name":"wp","href":"https:\/\/api.w.org\/{rel}","templated":true}]}}

<div  class='flex_column av-a3al-38e5042ab4f49c605434909f9cfee6c7 av_one_fifth  avia-builder-el-0  el_before_av_four_fifth  avia-builder-el-first  first flex_column_div'     ><style type="text/css" data-created_by="avia_inline_auto" id="style-css-av-mrdbkmh1-1a35fba8701d0bc32efc76bcb431a917">
.avia-image-container.av-mrdbkmh1-1a35fba8701d0bc32efc76bcb431a917 img.avia_image{
box-shadow:none;
}
.avia-image-container.av-mrdbkmh1-1a35fba8701d0bc32efc76bcb431a917 .av-image-caption-overlay-center{
color:#ffffff;
}
</style>
<div  class='avia-image-container av-mrdbkmh1-1a35fba8701d0bc32efc76bcb431a917 av-styling-circle avia-align-center  avia-builder-el-1  avia-builder-el-no-sibling'   itemprop="image" itemscope="itemscope" itemtype="https://schema.org/ImageObject" ><div class="avia-image-container-inner"><div class="avia-image-overlay-wrap"><img decoding="async" fetchpriority="high" class='wp-image-33 avia-img-lazy-loading-not-33 avia_image' src="https://newsite.andreapilotti.ch/wp-content/uploads/2026/07/andrea_pilotti-8379-scaled-e1782577076226-230x300-1.jpg" alt='' title='Andrea Pilotti'  height="300" width="230"  itemprop="thumbnailUrl"  /></div></div></div></div>
<div  class='flex_column av-21hgx-2ef91bc6ff0335bd5a172861cf5e7a0c av_four_fifth  avia-builder-el-2  el_after_av_one_fifth  avia-builder-el-last  flex_column_div'     ><p>
<style type="text/css" data-created_by="avia_inline_auto" id="style-css-av-1f6jd-173bab65981c7e2c461d9bd67d00ecb8">
#top .av-special-heading.av-1f6jd-173bab65981c7e2c461d9bd67d00ecb8{
padding-bottom:10px;
}
body .av-special-heading.av-1f6jd-173bab65981c7e2c461d9bd67d00ecb8 .av-special-heading-tag .heading-char{
font-size:25px;
}
.av-special-heading.av-1f6jd-173bab65981c7e2c461d9bd67d00ecb8 .av-subheading{
font-size:15px;
}
</style>
<div  class='av-special-heading av-1f6jd-173bab65981c7e2c461d9bd67d00ecb8 av-special-heading-h3  avia-builder-el-3  el_before_av_textblock  avia-builder-el-first'><h3 class='av-special-heading-tag'  itemprop="headline"  >Welcome to my personal website !</h3><div class="special-heading-border"><div class="special-heading-inner-border"></div></div></div><br />
<section  class='av_textblock_section av-2hu5-bc36229933122d295a7d2d1a072c0c26'   itemscope="itemscope" itemtype="https://schema.org/CreativeWork" ><div class='avia_textblock'  itemprop="text" ><p>I am currently Senior Lecturer at the Institute of Political Studies (IEP) of the University of Lausanne. I work at the Research Observatory for Regional Politics (OVPR) and I am also member of the Swiss Elite Observatory (OBELIS).

My research focuses in general on Swiss politics and in particular on the Federal Parliament (reforms and parliamentary recruitment) and political elites. I am also interested in local and regional politics, especially regarding the Canton of Ticino.

On this website you will find information about my educational and professional background, my research, my participation in conferences, seminars and courses, my publications, as well as my media talks.<a href="https://www.unil.ch/iep/home.html" target="_blank" rel="noopener noreferrer">Institut d’études politiques</a> (IEP) de l’Université de Lausanne. Je travaille au sein de l’<a href="http://www.unil.ch/ovpr/home.html" target="_blank" rel="noopener noreferrer">Observatoire de la vie politique régionale</a> (OVPR) et je suis également membre de l’<a href="http://www.unil.ch/obelis/home.html" target="_blank" rel="noopener noreferrer">Observatoire des élites suisses</a> (OBELIS).</p>
<p>Mes recherches portent de manière générale sur la politique suisse et notamment sur le Parlement fédéral (réformes et recrutement parlementaire) et les élites politiques. Je m’intéresse aussi à la politique locale et cantonale, avec une attention particulière pour le canton du Tessin.</p>
<p>Dans le site vous trouverez les informations concernant mon <a href="https://www.andreapilotti.ch/curriculum/" target="_blank" rel="noopener noreferrer">parcours de formation et professionnel</a>, mes <a href="https://www.andreapilotti.ch/recherches/" target="_blank" rel="noopener noreferrer">recherches</a>, mes <a href="https://www.andreapilotti.ch/conferences/" target="_blank" rel="noopener noreferrer">participations à des conférences, séminaires et cours</a>, mes <a href="https://www.andreapilotti.ch/publications/" target="_blank" rel="noopener noreferrer">publications</a>, ainsi que mes <a href="https://www.andreapilotti.ch/medias/" target="_blank" rel="noopener noreferrer">interventions dans les médias</a>.</p>
</div></section></p></div>
